nder when 31 is divided by k(-9)?
9
Suppose 4*w = -6 - 6, -4*w = 5*i - 283. Calculate the remainder when i is divided by 22.
15
Let p = 90 - 19. What is the remainder when p is divided by 24?
23
Let w = 8 - 5. Suppose -w*t = t + 28. Let c(j) = -j**3 - 6*j**2 + 2*j + 8. What is the remainder when c(t) is divided by 15?
13
Let y(o) = 2*o**2 - 1. Suppose -3 - 5 = -2*v. Suppose 3*f + h = 50, 65 = 4*f + v*h - h. What is the remainder when y(-5) is divided by f?
15
Let z = -91 + 133. Suppose -2*o + z = 5*f, -5*o + 2*f = 25 - 101. What is the remainder when 45 is divided by o?
13
Suppose -12*v + 8*v = -52. What is the remainder when 37 is divided by v?
11
Suppose -6*b + 4*b = 8. What is the remainder when 17 is divided by (-21)/b + (-3)/12?
2
Let l(y) = -30*y - 3. What is the remainder when 133 is divided by l(-1)?
25
Let c(m) = 3*m**3 - 2*m**2 + 1. Calculate the remainder when c(4) is divided by 27.
26
Let p = 10 - -45. What is the remainder when p is divided by 15?
10
Let j(n) be the second derivative of -n**4/6 + n**3/6 + n**2 - 2*n. Let y be j(-2). Calculate the remainder when 6 is divided by y*2*1/(-4).
2
Let k be (42 - -1)*(0 + -3). Let j = k - -238. What is the remainder when j is divided by 28?
25
Suppose c - 4 = -t, 3*c + 0 = t + 16. Suppose -d = o - 8, -c*o - 2*d = -d - 44. Calculate the remainder when 26 is divided by o.
8
Let i(g) = 2*g**2 - 3*g. Let j be i(2). Suppose 0 = j*r - 3*z + 22, 3*r + 3 + 32 = 4*z. Calculate the remainder when ((-7)/7)/(1/r) is divided by 9.
8
Suppose -l = 3*m + 3*l - 52, -59 = -4*m + 5*l. What is the remainder when m is divided by 9?
7
Let d(x) = -x - 7. Let w be d(-6). Calculate the remainder when (19/(-5))/(6/(-30)) is divided by ((-7)/2)/(w/2).
5
Let g(m) = 5*m**3 + 2*m**2 - m. Suppose 2*t = -s + 6 + 1, 0 = 4*t - 5*s + 21. What is the remainder when g(t) is divided by 4?
2
Let h = 20 + -24. Suppose 3*z - 4*z = 5*r - 95, -3*z - 115 = -5*r. Calculate the remainder when r is divided by -2 + (-27)/(-3) - h.
9
Let v be 1 + (3/(-1) - -6). Suppose 3*x + 4*g = 69, 3*x - 115 = -2*x + 5*g. Calculate the remainder when x is divided by -16*(15/v)/(-5).
11
Suppose 2*r + 4*i = 103 - 21, 2*r - i = 77. Suppose 3*u + 5*h - 19 - 34 = 0, 4*h + r = 5*u. Calculate the remainder when 42 is divided by u.
9
Suppose -3*u + 8 = u, 0 = -2*m + 5*u + 130. Suppose f - m = -f. Let s = -40 + 58. Calculate the remainder when f is divided by s.
17
Let u = 15 - 18. What is the remainder when (-9)/u*34/6 is divided by 6?
5
Let t = 196 + -139. What is the remainder when t is divided by 12?
9
Let c(u) = -u**3 - 4*u - 4. Suppose m + f = 2*f - 2, -4*m - 20 = 2*f. Calculate the remainder when c(m) is divided by 13.
11
Let x be (-30)/9*(-54)/(-15). Calculate the remainder when (-293)/(-4) - (-3)/x is divided by ((-10)/(-8))/(3/60).
23
Let a = 64 + -8. Calculate the remainder when a is divided by 12.
8
Suppose -4*i + 12 - 4 = 0. What is the remainder when i/(-9) + 65/9 is divided by 4?
3
Let o = -25 + 40. Let k = -60 + 104. What is the remainder when k is divided by o?
14
Suppose -7*a - 3*f = -12*a + 33, 2*a + f = 22. Calculate the remainder when 34 is divided by a.
7
What is the remainder when 84 is divided by -3 + 2*(-50)/(-4)?
18
Let c = 194 + -156. Suppose 14 = j - 4*d, -3*d + 4*d = -1. What is the remainder when c is divided by j?
8
Let p(i) = i**2 - 5*i. Let v be p(5). Suppose 4*d - 6 - 10 = v. What is the remainder when 5 is divided by d?
1
Let s = 62 + -26. What is the remainder when 214 is divided by s?
34
Suppose 2*g = -2*g + 76. Calculate the remainder when g is divided by 10.
9
Let o = -45 + 30. Let w = -15 - -25. Calculate the remainder when w is divided by (5/o)/((-2)/24).
2
Let a be -1*3*47/(-3). Suppose -q = 16 - a. Calculate the remainder when q is divided by 16.
15
What is the remainder when 21 is divided by -1 - ((-3 - -12)*-1 - 3)?
10
Let z = 2 - 5. Let u = 21 + z. Calculate the remainder when u is divided by 10.
8
Suppose -n + 8 = z, 3*n = -z + 5 + 9. Let c be -3 - 2/(6/(-45)). Calculate the remainder when (-42)/(-9) - (-4)/c is divided by n.
2
Let a = -23 + 15. Let h be ((-36)/8)/(6/a). Let y(o) = o**2 - 6*o + 7. What is the remainder when y(h) is divided by 3?
1
Suppose -8 = l - 5*l. Suppose -3*c + l*c = -53. What is the remainder when c is divided by 18?
17
Suppose 3*q + 11 = 185. Suppose 172 = 5*p - q. Calculate the remainder when p is divided by 16.
14
Let d be (-102)/(-30) + 2/(-5). Suppose 4*t = 5*w + 13, 0 = t - d*w + 3 - 1. Calculate the remainder when 26 is divided by t.
5
What is the remainder when (-2)/(-7) - 8855/(-49) is divided by 61?
59
Suppose -102 = -18*q + 12*q. Calculate the remainder when -1*(-1 + 0 - 31) is divided by q.
15
Suppose -8*o = -7*o. Suppose 3*k - 4*q - 37 = o, -4*k - 5*q + 59 + 42 = 0. Calculate the remainder when (96/20)/((-4)/(-30)) is divided by k.
17
Let y(g) = -g**3 + 4*g**2 + 10*g - 12. Let a be y(6). Let c = a + 45. What is the remainder when 62 is divided by c?
20
Suppose 5*w + 4*d + 79 = 3*d, 0 = -2*w - 5*d - 50. Calculate the remainder when ((-6)/w)/((-2)/(-20)) is divided by 2.
0
Let z(u) = -u**3 + 6*u**2 + 4*u - 15. What is the remainder when z(6) is divided by 8?
1
Suppose z - 6*z = 0. Suppose 5*c - 16 - 49 = z. Calculate the remainder when c is divided by 7.
6
Suppose -2*q + 5*q = 150. Suppose -5*x + q = -5*j, 5 + 18 = 3*x + 4*j. Let m = -8 + x. What is the remainder when 2 is divided by m?
0
Let v = -214 - -143. What is the remainder when (3 - v - 0) + 0 is divided by 25?
24
Suppose 0 = 2*f - 1 + 3. Let g = 83 - 70. Calculate the remainder when 1/(2/100) + f is divided by g.
10
Let d(p) = p**2 - 2*p + 2. Calculate the remainder when 56 is divided by d(4).
6
What is the remainder when (2/2 - 14)*-3 is divided by 10?
9
Calculate the remainder when (4/5)/(-6*(-1)/345) is divided by 8.
6
Let z(o) = o**2 - 3. Let k be z(3). Suppose 2*c + 3*h + h = k, 5*h + 9 = -c. Let t = 29 + 3. What is the remainder when t is divided by c?
10
Let x(n) = -n**2 - 4*n + 13. What is the remainder when 26 is divided by x(-5)?
2
Let w(f) = 10*f**3 + f. Calculate the remainder when w(1) is divided by 5.
1
Let r = 25 - -48. Suppose u - 5*u + 40 = 2*y, 5*y = -u + r. Calculate the remainder when 41 is divided by y.
13
Let o(q) = -q**3 + 8*q**2 - 5*q. What is the remainder when o(5) is divided by 19?
12
Suppose -2*k + 5*p = 33, -2*k + 3*p + 1 = -6*k. What is the remainder when (k + 2)/((-3)/78) is divided by 18?
16
Let f = 133 - 65. Calculate the remainder when f is divided by 10.
8
Let t = 118 - 27. Let s = -176 + t. Let f = 131 + s. What is the remainder when f is divided by 16?
14
Suppose 4*v = -28 + 60. What is the remainder when 12 is divided by v?
4
Suppose 4*t + 2*t = 84. What is the remainder when 1/2 + (-51)/(-2) is divided by t?
12
Suppose 0*y = -y. Calculate the remainder when 11 is divided by 4 - (-2 - (y - 0)).
5
Suppose -178 - 141 = -11*m. Calculate the remainder when m is divided by 9.
2
Let s = -12 - -25. Suppose 6*t = 196 - 58. What is the remainder when t is divided by s?
10
Suppose 3*g + 0*c = -4*c + 140, 5*c = -20. What is the remainder when g is divided by 28?
24
Suppose 0 = -4*y + 48 + 8. Let n = 28 + y. Calculate the remainder when n is divided by 15.
12
Suppose 0 = 4*h + h - 20. Suppose -4*s = s - 100. Calculate the remainder when s is divided by (-3 + (h - 2))*-7.
6
Let h = 269 + -243. Suppose 125 + 175 = 4*m. What is the remainder when m is divided by h?
23
Let p = 131 - 188. Suppose 2*s - 2*n - 16 = 0, 4*s + 2*n - 4 - 22 = 0. Calculate the remainder when 2 + (-3 - p/3) is divided by s.
4
Suppose -5*z + 11 = -9. Suppose 2*q - z*q + 80 = 0. Suppose -5*y + q = -60. Calculate the remainder when 58 is divided by y.
18
Suppose 4*r = -4*z + 3*z - 3, 2*z - 4*r - 30 = 0. What is the remainder when 17 is divided by z?
8
Suppose n + 40 + 252 = -4*p, -5*p - 4*n = 365. What is the remainder when p/(-6) + (-1)/6 is divided by 7?
5
Suppose 0 = d + 5*c - 22, 4*c + 10 = -10. Let r(h) = h - 6. Let f be r(10). What is the remainder when d is divided by (24 - f)*4/5?
15
Suppose 4*b - 80 = 24. Calculate the remainder when b is divided by 14.
12
Suppose -4*q = 2*m + 3*m - 2, -4*q + 20 = -4*m. Suppose q*x + 73 = 19. Let h = 25 + x. What is the remainder when h is divided by 4?
3
Let c(b) = -b**3 + 2*b**